on divisor of 359455 and 148?
37
What is the highest common factor of 367 and 221301?
367
Calculate the highest common divisor of 6320 and 860.
20
Calculate the highest common divisor of 10506 and 22032.
102
What is the highest common divisor of 27702 and 456?
114
Calculate the greatest common divisor of 144 and 5598.
18
What is the highest common factor of 327635 and 231?
77
Calculate the greatest common divisor of 209 and 11305.
19
What is the highest common factor of 7760 and 121250?
970
Calculate the greatest common divisor of 409827 and 132.
33
What is the highest common divisor of 229992 and 18312?
168
Calculate the highest common factor of 462 and 799302.
42
Calculate the greatest common divisor of 32394 and 4.
2
Calculate the highest common factor of 2107 and 7697.
43
Calculate the highest common factor of 76 and 297844.
76
What is the greatest common divisor of 63432 and 5976?
72
What is the greatest common factor of 99 and 19413?
9
What is the greatest common divisor of 234 and 788697?
117
What is the greatest common divisor of 18075 and 600?
75
Calculate the highest common divisor of 44969 and 3474.
193
What is the highest common factor of 5339 and 2546?
19
What is the highest common divisor of 40722 and 55?
11
Calculate the highest common divisor of 204 and 114546.
102
What is the greatest common divisor of 299 and 5616?
13
What is the highest common factor of 50326 and 2?
2
What is the greatest common factor of 635 and 13385?
5
What is the greatest common divisor of 7876 and 484?
44
What is the highest common factor of 336 and 25824?
48
Calculate the greatest common divisor of 364 and 284914.
14
Calculate the greatest common divisor of 328 and 816.
8
Calculate the greatest common divisor of 5664 and 864.
96
What is the greatest common factor of 42067 and 367747?
1357
What is the greatest common divisor of 191889 and 35397?
1863
What is the highest common factor of 37 and 109261?
37
What is the greatest common factor of 130798 and 34?
34
What is the greatest common divisor of 1656914 and 266?
266
What is the highest common factor of 26966 and 12028?
194
What is the highest common divisor of 368256 and 288?
96
Calculate the highest common factor of 57760 and 7040.
160
Calculate the highest common divisor of 124 and 534161.
31
What is the highest common factor of 642629 and 91?
13
What is the greatest common divisor of 19 and 4602?
1
Calculate the highest common factor of 561 and 969.
51
Calculate the highest common factor of 1170 and 593730.
90
What is the greatest common divisor of 54 and 72918?
18
What is the highest common factor of 64836 and 90?
18
What is the highest common factor of 2793 and 513?
57
What is the greatest common divisor of 232993 and 151?
151
Calculate the greatest common divisor of 7200 and 16416.
288
What is the highest common factor of 210 and 19170?
30
Calculate the highest common divisor of 15880 and 70.
10
Calculate the highest common factor of 26181 and 1503.
9
Calculate the greatest common divisor of 126 and 164262.
42
What is the greatest common divisor of 2269321 and 37?
37
What is the highest common factor of 136 and 228463?
17
Calculate the highest common divisor of 29 and 402230.
29
Calculate the highest common factor of 35596 and 2.
2
Calculate the greatest common factor of 7890 and 2355.
15
Calculate the highest common factor of 894630 and 110.
110
What is the highest common divisor of 210 and 482874?
42
What is the highest common divisor of 5330 and 55?
5
What is the greatest common factor of 370706 and 98?
14
Calculate the greatest common divisor of 12327 and 21.
21
What is the highest common divisor of 8330 and 6902?
238
Calculate the greatest common factor of 81900 and 1040.
260
Calculate the greatest common divisor of 275 and 65197.
11
Calculate the greatest common divisor of 161635 and 10.
5
Calculate the highest common divisor of 2295 and 46410.
255
Calculate the greatest common factor of 52046 and 212.
106
What is the greatest common factor of 26225 and 725?
25
Calculate the highest common factor of 8241 and 16359.
123
Calculate the greatest common divisor of 196500 and 30.
30
Calculate the greatest common factor of 38 and 206891.
19
What is the greatest common divisor of 793 and 3599?
61
Calculate the highest common factor of 322368 and 3648.
192
Calculate the greatest common factor of 12 and 203940.
12
What is the greatest common divisor of 105807 and 351?
39
What is the greatest common divisor of 12 and 3782?
2
What is the highest common divisor of 47685 and 561?
561
Calculate the highest common factor of 65296 and 352.
176
What is the highest common divisor of 650 and 51090?
130
What is the greatest common divisor of 69 and 124177?
23
Calculate the greatest common divisor of 640 and 4734560.
160
What is the highest common factor of 13340 and 7366?
58
What is the highest common divisor of 252 and 2996?
28
What is the highest common factor of 404415 and 190?
95
What is the highest common factor of 11072 and 26123?
173
Calculate the highest common factor of 20691 and 456.
57
What is the highest common divisor of 8500 and 14500?
500
Calculate the greatest common factor of 51 and 335189.
17
Calculate the greatest common factor of 10 and 517895.
5
What is the highest common factor of 15951 and 14235?
39
Calculate the greatest common divisor of 129310 and 32038.
386
Calculate the greatest common factor of 664 and 18094.
166
What is the highest common factor of 98559 and 18?
9
What is the highest common divisor of 70224 and 26796?
924
Calculate the greatest common divisor of 11506 and 57007.
523
What is the greatest common divisor of 172935 and 162?
81
What is the greatest common divisor of 8686 and 1290?
86
Calculate the highest common factor of 328 and 10840.
8
Calculate the highest common divisor of 11388 and 728.
52
What is the greatest common factor of 6495 and 1561398?
1299
Calculate the highest common divisor of 150 and 721200.
150
Calculate the greatest common divisor of 65961 and 42336.
189
What is the greatest common factor of 270 and 13231890?
270
What is the highest common factor of 402 and 973041?
201
Calculate the greatest common factor of 496080 and 26.
26
Calculate the highest common divisor of 3961056 and 2112.
1056
What is the greatest common factor of 6266 and 4914?
26
What is the greatest common divisor of 114 and 35625?
57
What is the highest common factor of 442 and 143310?
34
What is the highest common factor of 152 and 4306388?
76
What is the greatest common factor of 24 and 7332?
12
Calculate the greatest common factor of 276 and 1428.
12
Calculate the greatest common divisor of 140 and 22946.
14
What is the highest common divisor of 688125 and 250?
125
What is the highest common divisor of 103224 and 3400?
136
What is the greatest common factor of 989 and 5547?
43
Calculate the greatest common divisor of 341289 and 117.
117
What is the highest common divisor of 1512 and 115416?
504
What is the greatest common factor of 232 and 27550?
58
Calculate the highest common factor of 1108 and 1376.
4
What is the highest common factor of 120 and 329100?
60
Calculate the greatest common factor of 1816 and 19295.
227
Calculate the greatest common factor of 31450 and 152150.
850
Calculate the greatest common factor of 99 and 21769.
11
Calculate the highest common factor of 8633 and 3298.
97
Calculate the highest common factor of 10056 and 2316.
12
Calculate the highest common factor of 1332331 and 968.
121
Calculate the highest common factor of 8349 and 21459.
69
What is the greatest common divisor of 230141 and 373?
373
What is the greatest common factor of 949 and 42267?
73
What is the greatest common factor of 10836 and 8084?
172
Calculate the greatest common divisor of 52 and 1502.
2
What is the highest common divisor of 115 and 3370?
5
Calculate the greatest common factor of 13473 and 747003.
1497
Calculate the greatest common divisor of 45 and 3561390.
45
Calculate the greatest common factor of 1820 and 4060.
140
What is the greatest common divisor of 14250856 and 8?
8
What is the highest common factor of 3410 and 1280?
10
What is the greatest common divisor of 80 and 27330?
10
Calculate the highest common factor of 100746 and 4698.
522
Calculate the greatest common div